{"id":12,"date":"2026-04-07T23:05:53","date_gmt":"2026-04-07T21:05:53","guid":{"rendered":"http:\/\/192.168.6.70\/?page_id=12"},"modified":"2026-05-04T12:55:12","modified_gmt":"2026-05-04T10:55:12","slug":"elementor-12","status":"publish","type":"page","link":"https:\/\/bodainesypedro.es\/","title":{"rendered":"\u00a1Bienvenidos!"},"content":{"rendered":"\t\t<div data-elementor-type=\"wp-post\" data-elementor-id=\"12\" class=\"elementor elementor-12\">\n\t\t\t\t<div class=\"elementor-element elementor-element-1f8ea22 e-flex e-con-boxed e-con e-parent\" data-id=\"1f8ea22\" data-element_type=\"container\" data-e-type=\"container\" data-settings=\"{&quot;background_background&quot;:&quot;classic&quot;}\">\n\t\t\t\t\t<div class=\"e-con-inner\">\n\t\t\t\t\t<\/div>\n\t\t\t\t<\/div>\n\t\t<div class=\"elementor-element elementor-element-2ae333c e-con-full e-flex e-con e-parent\" data-id=\"2ae333c\" data-element_type=\"container\" data-e-type=\"container\">\n\t\t\t\t\t\t\t<h2 \n\t\tdata-interaction-id=\"eec8a74\" \n\t\tclass=\"e-eec8a74-378aed1 e-heading-base\" \n\t\t \n\t\t\n\t>\n\t\n\t\t\t<em id=\"e-moj1n70k-4b4jfm2\">In\u00e9s y Pedro<\/em>\n\t\t<\/h2>\n\t\t\t\t<\/div>\n\t\t<div class=\"elementor-element elementor-element-f5d70ef e-flex e-con-boxed e-con e-parent\" data-id=\"f5d70ef\" data-element_type=\"container\" data-e-type=\"container\">\n\t\t\t\t\t<div class=\"e-con-inner\">\n\t\t\t\t\t\n<hr class=\"e-023b641-69f1cc5 e-divider-base\" data-interaction-id=\"023b641\"   \/>\n\t\t\t\t\t<\/div>\n\t\t\t\t<\/div>\n\t\t<div class=\"elementor-element elementor-element-786f0e2 e-flex e-con-boxed e-con e-parent\" data-id=\"786f0e2\" data-element_type=\"container\" data-e-type=\"container\">\n\t\t\t\t\t<div class=\"e-con-inner\">\n\t\t\t\t\t\t\t<h2 \n\t\tdata-interaction-id=\"4cdc075\" \n\t\tclass=\"e-4cdc075-99d4896 e-heading-base\" \n\t\t \n\t\t\n\t>\n\t\n\t\t\t19 de septiembre de 2026 - Madrid&nbsp;\n\t\t<\/h2>\n\t\t\t\t<div class=\"elementor-element elementor-element-6928c8b elementor-widget elementor-widget-eael-countdown\" data-id=\"6928c8b\" data-element_type=\"widget\" data-e-type=\"widget\" data-widget_type=\"eael-countdown.default\">\n\t\t\t\t\t\n\t\t<div class=\"eael-countdown-wrapper\" data-countdown-id=\"6928c8b\" data-expire-type=\"none\" data-countdown-type=\"due_date\">\n\t\t\t<div class=\"eael-countdown-container eael-countdown-label-block  eael-countdown-label-block-mobile \">\n                                    <ul id=\"eael-countdown-6928c8b\" class=\"eael-countdown-items\" data-date=\"Sep 19 2026 0:00:00 +2\">\n                        <li class=\"eael-countdown-item\"><div class=\"eael-countdown-days\"><span data-days class=\"eael-countdown-digits\">00<\/span><span class=\"eael-countdown-label\">D\u00edas<\/span><\/div><\/li>                        <li class=\"eael-countdown-item\"><div class=\"eael-countdown-hours\"><span data-hours class=\"eael-countdown-digits\">00<\/span><span class=\"eael-countdown-label\">Horas<\/span><\/div><\/li>                        <li class=\"eael-countdown-item\"><div class=\"eael-countdown-minutes\"><span data-minutes class=\"eael-countdown-digits\">00<\/span><span class=\"eael-countdown-label\">Minutos<\/span><\/div><\/li>                                            <\/ul>\n                    <div class=\"eael-countdown-expiry-template\" style=\"display: none;\">\n                                            <\/div>\n               \n\t\t\t    <div class=\"clearfix\"><\/div>\n\t\t\t<\/div>\n\t\t<\/div>\n\n\t\t\t\t\t<\/div>\n\t\t\t\t\t<\/div>\n\t\t\t\t<\/div>\n\t\t<div class=\"elementor-element elementor-element-e5237ac e-flex e-con-boxed e-con e-parent\" data-id=\"e5237ac\" data-element_type=\"container\" data-e-type=\"container\">\n\t\t\t\t\t<div class=\"e-con-inner\">\n\t\t\t\t\t\t\t<h4 \n\t\tdata-interaction-id=\"0ba3465\" \n\t\tclass=\"e-0ba3465-ffb935b e-heading-base\" \n\t\t \n\t\t\n\t>\n\t\n\t\t\t\u00a1Nos casamos! Y obviamente no pod\u00edamos montar este l\u00edo sin vosotros. Tenemos much\u00edsimas ganas de que llegue el d\u00eda, de celebrarlo por todo lo alto y, sobre todo, de pegarnos una fiesta inolvidable con nuestra gente. \u00a1Nos vemos muy pronto!\n\t\t<\/h4>\n\t\t\t\t\t<\/div>\n\t\t\t\t<\/div>\n\t\t<div class=\"elementor-element elementor-element-4c46c1f e-flex e-con-boxed e-con e-parent\" data-id=\"4c46c1f\" data-element_type=\"container\" data-e-type=\"container\">\n\t\t\t\t\t<div class=\"e-con-inner\">\n\t\t\t\t\t\t\t<h2 \n\t\tdata-interaction-id=\"700c734\" \n\t\tclass=\"e-700c734-215f0f6 e-heading-base\" \n\t\t \n\t\t\n\t>\n\t\n\t\t\t\u00bfD\u00f3nde y cu\u00e1ndo?\n\t\t<\/h2>\n\t\t\t\t\t\t\t<h2 \n\t\tdata-interaction-id=\"2da2ae5\" \n\t\tclass=\"e-2da2ae5-4f87e92 e-heading-base\" \n\t\t \n\t\t\n\t>\n\t\n\t\t\tLa Ceremonia\n\t\t<\/h2>\n\t\t\t\t\t<\/div>\n\t\t\t\t<\/div>\n\t\t<div class=\"elementor-element elementor-element-77f2293 e-grid e-con-boxed e-con e-parent\" data-id=\"77f2293\" data-element_type=\"container\" data-e-type=\"container\">\n\t\t\t\t\t<div class=\"e-con-inner\">\n\t\t\t\t\t\t\t<h4 \n\t\tdata-interaction-id=\"2a6d494\" \n\t\tclass=\"e-2a6d494-4a3e542 e-heading-base\" \n\t\t \n\t\t\n\t>\n\t\n\t\t\tNos daremos el 's\u00ed, quiero' en <br>La Bas\u00edlica de El Real Monasterio de San Lorenzo de El Escorial a las 17:00h. Os esperamos all\u00ed para dar comienzo a este gran d\u00eda.\n\t\t<\/h4>\n\t\t\t\t<div class=\"elementor-element elementor-element-5cf80df elementor-align-center elementor-widget elementor-widget-button\" data-id=\"5cf80df\" data-element_type=\"widget\" data-e-type=\"widget\" data-widget_type=\"button.default\">\n\t\t\t\t\t\t\t\t\t\t<a class=\"elementor-button elementor-button-link elementor-size-sm\" href=\"https:\/\/maps.app.goo.gl\/rXVgrQMg4tfDmJk58\">\n\t\t\t\t\t\t<span class=\"elementor-button-content-wrapper\">\n\t\t\t\t\t\t\t\t\t<span class=\"elementor-button-text\">C\u00d3MO LLEGAR<\/span>\n\t\t\t\t\t<\/span>\n\t\t\t\t\t<\/a>\n\t\t\t\t\t\t\t\t<\/div>\n\t\t\t\t\t<\/div>\n\t\t\t\t<\/div>\n\t\t<div class=\"elementor-element elementor-element-feb9665 e-grid e-con-boxed e-con e-parent\" data-id=\"feb9665\" data-element_type=\"container\" data-e-type=\"container\">\n\t\t\t\t\t<div class=\"e-con-inner\">\n\t\t\t\t\t<\/div>\n\t\t\t\t<\/div>\n\t\t<div class=\"elementor-element elementor-element-014f718 e-flex e-con-boxed e-con e-parent\" data-id=\"014f718\" data-element_type=\"container\" data-e-type=\"container\">\n\t\t\t\t\t<div class=\"e-con-inner\">\n\t\t\t\t\t\t\t<h2 \n\t\tdata-interaction-id=\"34929f6\" \n\t\tclass=\"e-34929f6-5249dcb e-heading-base\" \n\t\t \n\t\t\n\t>\n\t\n\t\t\tEl Banquete\n\t\t<\/h2>\n\t\t\t\t\t\t\t<h4 \n\t\tdata-interaction-id=\"3a09d2b\" \n\t\tclass=\"e-3a09d2b-8dfbf41 e-heading-base\" \n\t\t \n\t\t\n\t>\n\t\n\t\t\tSeguiremos la celebraci\u00f3n con un c\u00f3ctel y cena en El Real Club de Golf La Herrer\u00eda.<br>\u00a1Preparad vuestras mejores galas y muchas ganas de disfrutar!\n\t\t<\/h4>\n\t\t\t\t<div class=\"elementor-element elementor-element-52013fe elementor-align-center elementor-widget elementor-widget-button\" data-id=\"52013fe\" data-element_type=\"widget\" data-e-type=\"widget\" data-widget_type=\"button.default\">\n\t\t\t\t\t\t\t\t\t\t<a class=\"elementor-button elementor-button-link elementor-size-sm\" href=\"https:\/\/maps.app.goo.gl\/LuRKQDVpsyLHrApp6\">\n\t\t\t\t\t\t<span class=\"elementor-button-content-wrapper\">\n\t\t\t\t\t\t\t\t\t<span class=\"elementor-button-text\">C\u00d3MO LLEGAR<\/span>\n\t\t\t\t\t<\/span>\n\t\t\t\t\t<\/a>\n\t\t\t\t\t\t\t\t<\/div>\n\t\t\t\t\t\t\t<h2 \n\t\tdata-interaction-id=\"940af49\" \n\t\tclass=\"e-940af49-eebe285 e-heading-base\" \n\t\t \n\t\t\n\t>\n\t\n\t\t\tConfirmaci\u00f3n\n\t\t<\/h2>\n\t\t\t\t\t\t\t<h4 \n\t\tdata-interaction-id=\"aa3a617\" \n\t\tclass=\"e-aa3a617-2f7927d e-heading-base\" \n\t\t \n\t\t\n\t>\n\t\n\t\t\tPara ayudarnos a organizarlo todo a la perfecci\u00f3n, por favor, confirmad vuestra asistencia antes del <strong id=\"e-moizh0rv-d6ien5w\">19 de julio<\/strong>. No olvid\u00e9is decirnos si ten\u00e9is alguna alergia o necesidad especial.\n\t\t<\/h4>\n\t\t\t\t<div class=\"elementor-element elementor-element-14e73b9 elementor-align-center elementor-widget elementor-widget-button\" data-id=\"14e73b9\" data-element_type=\"widget\" data-e-type=\"widget\" data-widget_type=\"button.default\">\n\t\t\t\t\t\t\t\t\t\t<a class=\"elementor-button elementor-button-link elementor-size-sm\" href=\"#\">\n\t\t\t\t\t\t<span class=\"elementor-button-content-wrapper\">\n\t\t\t\t\t\t\t\t\t<span class=\"elementor-button-text\">CONFIRMAR ASISTENCIA<\/span>\n\t\t\t\t\t<\/span>\n\t\t\t\t\t<\/a>\n\t\t\t\t\t\t\t\t<\/div>\n\t\t\t\t\t<\/div>\n\t\t\t\t<\/div>\n\t\t\t\t<\/div>\n\t\t","protected":false},"excerpt":{"rendered":"<p>In\u00e9s y Pedro 19 de septiembre de 2026 &#8211; Madrid&nbsp; 00D\u00edas 00Horas 00Minutos \u00a1Nos casamos! Y obviamente no pod\u00edamos montar [&hellip;]<\/p>\n","protected":false},"author":1,"featured_media":0,"parent":0,"menu_order":0,"comment_status":"closed","ping_status":"closed","template":"","meta":{"_eb_attr":"","site-sidebar-layout":"no-sidebar","site-content-layout":"","ast-site-content-layout":"full-width-container","site-content-style":"default","site-sidebar-style":"default","ast-global-header-display":"","ast-banner-title-visibility":"","ast-main-header-display":"","ast-hfb-above-header-display":"","ast-hfb-below-header-display":"","ast-hfb-mobile-header-display":"","site-post-title":"disabled","ast-breadcrumbs-content":"","ast-featured-img":"disabled","footer-sml-layout":"","ast-disable-related-posts":"","theme-transparent-header-meta":"","adv-header-id-meta":"","stick-header-meta":"","header-above-stick-meta":"","header-main-stick-meta":"","header-below-stick-meta":"","astra-migrate-meta-layouts":"default","ast-page-background-enabled":"default","ast-page-background-meta":{"desktop":{"background-color":"var(--ast-global-color-5)","background-image":"","background-repeat":"repeat","background-position":"center center","background-size":"auto","background-attachment":"scroll","background-type":"","background-media":"","overlay-type":"","overlay-color":"","overlay-opacity":"","overlay-gradient":""},"tablet":{"background-color":"","background-image":"","background-repeat":"repeat","background-position":"center center","background-size":"auto","background-attachment":"scroll","background-type":"","background-media":"","overlay-type":"","overlay-color":"","overlay-opacity":"","overlay-gradient":""},"mobile":{"background-color":"","background-image":"","background-repeat":"repeat","background-position":"center center","background-size":"auto","background-attachment":"scroll","background-type":"","background-media":"","overlay-type":"","overlay-color":"","overlay-opacity":"","overlay-gradient":""}},"ast-content-background-meta":{"desktop":{"background-color":"var(--ast-global-color-4)","background-image":"","background-repeat":"repeat","background-position":"center center","background-size":"auto","background-attachment":"scroll","background-type":"","background-media":"","overlay-type":"","overlay-color":"","overlay-opacity":"","overlay-gradient":""},"tablet":{"background-color":"var(--ast-global-color-4)","background-image":"","background-repeat":"repeat","background-position":"center center","background-size":"auto","background-attachment":"scroll","background-type":"","background-media":"","overlay-type":"","overlay-color":"","overlay-opacity":"","overlay-gradient":""},"mobile":{"background-color":"var(--ast-global-color-4)","background-image":"","background-repeat":"repeat","background-position":"center center","background-size":"auto","background-attachment":"scroll","background-type":"","background-media":"","overlay-type":"","overlay-color":"","overlay-opacity":"","overlay-gradient":""}},"footnotes":""},"class_list":["post-12","page","type-page","status-publish","hentry"],"_links":{"self":[{"href":"https:\/\/bodainesypedro.es\/index.php\/wp-json\/wp\/v2\/pages\/12","targetHints":{"allow":["GET"]}}],"collection":[{"href":"https:\/\/bodainesypedro.es\/index.php\/wp-json\/wp\/v2\/pages"}],"about":[{"href":"https:\/\/bodainesypedro.es\/index.php\/wp-json\/wp\/v2\/types\/page"}],"author":[{"embeddable":true,"href":"https:\/\/bodainesypedro.es\/index.php\/wp-json\/wp\/v2\/users\/1"}],"replies":[{"embeddable":true,"href":"https:\/\/bodainesypedro.es\/index.php\/wp-json\/wp\/v2\/comments?post=12"}],"version-history":[{"count":68,"href":"https:\/\/bodainesypedro.es\/index.php\/wp-json\/wp\/v2\/pages\/12\/revisions"}],"predecessor-version":[{"id":122,"href":"https:\/\/bodainesypedro.es\/index.php\/wp-json\/wp\/v2\/pages\/12\/revisions\/122"}],"wp:attachment":[{"href":"https:\/\/bodainesypedro.es\/index.php\/wp-json\/wp\/v2\/media?parent=12"}],"curies":[{"name":"wp","href":"https:\/\/api.w.org\/{rel}","templated":true}]}}